e 7 + (-29 - -28) + (0 - -3) + 18.
27
Evaluate (48 - (17 - 28)) + 0 + -4 + (-17 - -17).
55
Calculate -2 + 0 - -4 - (-72 - ((-5 - -26) + -43)).
52
Evaluate 4 - ((2 - -1 - -10) + 4) - -50.
37
What is the value of -48 + 90 + -13 + -44?
-15
What is the value of (33 - (20 - -49)) + 30?
-6
38 + (1 + -15 - (-38 - -27) - 4)
31
What is (155 + -193 - (-38 + 0)) + -1 + 42?
41
(3 + -13 - -44) + 2 + -10
26
Calculate (14 - 14) + (8 + 13 - 12) + 4.
13
What is the value of 47 - (19 + 0 + (-116 - 22 - -115))?
51
Evaluate 8 - 94 - (-1304 + 1137).
81
What is 99 - (18 - 20 - -32 - 31)?
100
Calculate -50 + 0 + 16 + 21 - (-3 + 26).
-36
What is the value of (51 + 3 - 18 - 29) + 18?
25
Evaluate -9 + 24 + 2 + -13 + 1 - -30.
35
Evaluate -4 + (3 - (4 - (1 - -56))) + (247 - 243).
56
Calculate 10 - (10 - -24) - -38.
14
What is 8 - (-2 - 3) - (6 - (-25 + 14))?
-4
What is -41 + 1 + (11 + -113 - -85)?
-57
What is 48 + (32 + -101 - 12)?
-33
What is 19 + 2 + (-46 - -11 - -13)?
-1
(12 - -2) + (2 + 2 - (-39 + 69 - 25))
13
What is (-52 + 23 - -5 - -49) + -108?
-83
What is the value of (-6 - -11 - (5 - -2) - (-17 + 16)) + 35?
34
Calculate (47 - -9 - 35) + -21 + -30 + 0.
-30
147 + -166 - (13 + (1 - 4) + 2)
-31
What is the value of (-54 - (-3 + (20 - 22))) + -4?
-53
What is (1 - (46 - -1)) + (89 - 90) - (-6 - -2)?
-43
Calculate -74 - -84 - (46 - (6 + 2)).
-28
Evaluate 28 + (0 - 8) + -1 + 9 + 12 + -23.
17
What is the value of (-6 - -4) + -1 + (-8 - (-24 + 18))?
-5
What is the value of (-19 - (10 + -24)) + 3 + (-28 - 0)?
-30
Evaluate (69 - 84) + -1 + 54.
38
What is (-12 - -7) + (-7 + 2 - (12 + -23) - -68)?
69
Calculate -18 - (-1 + 23 - 9 - (2 - 2)).
-31
What is the value of 31 + 7 + (172 - 238)?
-28
Evaluate -41 - (-13 + (2 - -21) + 1).
-52
((-30 - (5 - 23)) + 46 + -1 - -5) + -8
30
Calculate -7 - (-1 - (-54 + 54)).
-6
What is the value of (59 - -2) + (1262 - 1319)?
4
What is the value of (-112 - -56 - -51) + (13 - -2)?
10
What is -5 + (63 - (29 + 27)) + 0 + -15 + -33?
-46
119 + (-92 - -77) - 56
48
What is the value of (-1 - -33) + (-19 - (-3 + (-1 - 6)) - 0)?
23
Calculate 40 + 2 - (5240 - 5263).
65
Evaluate -94 + 1 - (846 - 837) - 7.
-109
11 + -7 + (-13 - 1) + 91 + -43
38
25 + (-30 + 1 - -17)
13
What is -16 - ((-17 - -1) + (16 - -4 - (25 - 12)))?
-7
What is the value of 142 + -83 + (-5 - -4 - 15)?
43
Calculate -572 + 606 + -6 + -34.
-6
6 - (0 + (-2 - -37) + -6 - (-52 - -61))
-14
-3 + (-3 - (10 + (-11 - -1) + 1))
-7
What is the value of -52 - ((-22 + -6 - -2) + 19)?
-45
-25 + 15 + -22 + 18 + -20
-34
Calculate 50 - (14 + -8 + -16) - (-1 + -2).
63
What is 16 - 101 - (-62 - 48)?
25
Calculate 4 + (-12 + (-18 - -2) + 30 - 13).
-7
Evaluate -37 + 242 + -263 + (0 - (0 + 1)) + 11.
-48
What is the value of -4 - -13 - (-612 + 651)?
-30
Calculate -20 + 50 - 29 - -17.
18
What is the value of 49 - (53 - (59 - 16))?
39
What is (-11 + 26 - (23 + -6)) + 40?
38
1 + -9 - (-14 + -62 + 57)
11
What is the value of 61 + -76 + 30 - (-1 + 12 - 0) - 7?
-3
What is the value of (4 + 65 - -2) + -421 + 394?
44
Evaluate (-4 - -8) + 9 + (-1 - -17 - -11).
40
Evaluate 17 - (69 - (18 + (-7 - -8))).
-33
What is 6 - (1 + 0) - (43 + -15 - -1 - 1)?
-23
38 + (-41 - (9 - 14)) - 14
-12
(13 - (14 + 7 - 6)) + (-12 - -10)
-4
Calculate (-1979 - -2049 - (1 + 16)) + (-9 - (-3 + 2)).
45
Calculate -1 - 87 - (131 - (121 + 32)).
-66
What is (32613 - 32597) + (49 - (1 - (2 - 0)))?
66
(88 - -65) + -58 - (3 + -4 + -15)
111
What is the value of -21 + 32 + ((-1 - -3) + -3 - 5) - -59?
64
Evaluate -13 - 15 - -43 - -32.
47
What is 7 + 15 - (-1 + 1 + 118 + -98)?
2
What is (-2 - 19) + (32 - (81 + (-17 - -56)))?
-109
What is the value of 1 - (29 - 52) - 41?
-17
Calculate -239 + 256 - (-1 - -16) - 29.
-27
61 + -2 + 21 + (-67 - -37)
50
(12 - (9 + -11) - 3) + (-10 - -64)
65
What is the value of (43 - 83) + (78 - (-2 - 13))?
53
Evaluate -7810 + 7820 - ((1 - 40) + -1).
50
Evaluate 19 + (105 - 121) - (-12 + 2).
13
Evaluate (-10 - (4 + (2 - 5))) + (-38 - -60 - 28).
-17
Evaluate -6 + (-5 - -23) - (-70 + (14 - 21) - 10).
99
Calculate -2549 + 2501 - (36 - 1).
-83
Evaluate 10 - 32 - (0 + -1) - (56 + -68).
-9
Evaluate 6 + (-7 + (-15 - -2) - -10) - -2 - 8.
-10
What is the value of 5 + (-7 - -4) - (-51 - -78 - (19 + -15))?
-21
What is (473 - 411) + (-12 - -15)?
65
What is the value of (9 - 14 - (1 - 5)) + -3 - (154 + -164)?
6
-4 + (9 - (-10 + -8 + 75 + -12))
-40
What is the value of 120 + 2 - (-7 + (-72 - -92))?
109
Evaluate 17 + -7 - (-11 + 9 + (8 - (3 + 10))).
17
Calculate 62 + (-32 - -26) + (-12 - 3) + 6.
47
Calculate -2 + 10 + 3 + -1 + 20715 + -20694.
31
What is the value of 14 - ((-2 - (-15 - (-5 - -14))) + 74)?
-82
7 + (-5 - 1 - (-3 - 4)) + -66 + -7
-65
Evaluate -14 + (-67 - -69) + -32 + 2.
-42
15 - 0 - (-53 - (26 - 107) - 70)
57
What is the value of 17 + -19 + 3 + 17 + -31 + -4?
-17
Evaluate 47 - 112 - (32 + -43).
-54
Calculate (-16 - (-13 - (18 + -9)) - 67) + -1.
-62
What is 7 + (-3 - (-9 - 2 - (-16 + 74)))?
73
What is (255 - 200) + (14 - 55)?
14
-16 + (-32 - -10) + -12 + 23
-27
What is (-66 - -69) + (2 - 2 - 31) + -9 + 21?
-16
Calculate (2 + 0 + -2 + 3 - (-718 - -708)) + -10.
3
What is the value of -1 + -3 - (15 - (-29 + 13 - 9) - 16)?
-28
4 - ((20 - 24) + (-2 - 1))
11
Calculate 186 + 1 - (-1552 + 1601).
138
Evaluate -62 + -5 - 40 - (-5 - 4).
-98
What is the value of -18 - ((-32 - -59) + -9 + -53)?
17
Evaluate -74 - -58 - (-49 - -31).
2
72 - (-95 + 13 - (-35 + -10))
109
Calculate -10 + (14 - 10) - ((-3 - 14) + (19 - -1)).
-9
What is the value of -62 + 65 + -14 + 51?
40
Evaluate (10 - 52) + 7 + 11 + -12 + 7.
-29
Evaluate (2 - -32) + (8 - 2) - (28 - 26).
38
(0 + 0 - 0) + (54 - (-4 - -9 - 20))
69
Calculate 122 + -33 - (1 + 92) - (103 + (0 - 0)).
-107
Evaluate -3 + (-9 - -5) - (9 - (-5 - 12)).
-33
Evaluate (-8 - 10 - -6) + (620 + -625 - (-1 + -6)).
-10
Evaluate -1 + (12 - 0) - (9 + (-16 - 70) - 25).
113
Evaluate -46 + 33 + -14 + 22.
-5
What is the value of -7 + -19 + 24 - 4 - ((-58 - 1) + -1)?
54
Evaluate -391 - -463 - (2 + -39) - 20.
89
What is -69 - (58 + (-96 - -30))?
-61
Evaluate 2833 - 2847 - (-4 + 7 + 4).
-21
What is -26 - (12 + -13 - (26 - 10))?
-9
Calculate -22 + (79 + -20 - 14).
23
What is the value of 151 - 122 - (0 - -26)?
3
Calculate 110 + (-62 - (-6 - -67)).
-13
71 - (39 - (-58 + 49))
23
-41 + 4 + (-2 - -15 - (-103 - -110))
-31
What is 21 - 23 - (-37 + 41)?
-6
What is the value of (6 - 1) + (253 - 239) + (-8 - 5)?
6
What is 550 + -536 - (-1 + 3 - -19)?
-7
What is the value of -227 + 236 + (1 - (1 + 53 - (-6 + 11)))?
-39
What is -80 + -57 + 18 + 84?
-35
What is 15 + 28 - -6 - 42?
7
Evaluate -29 + -9 + (15 - (-6 + -9 + 30)).
-38
Calculate -2 + -21 + 19 + -7 - (-17 + 2).
4
(-3 - -35) + -180 + 134 - -82
68
Evaluate 23 + (-2 - -14) - 10.
25
What is -8 - 2 - (-14 - -25) - (10 + 0)?
-31
What is the value of (-314 + 208 - -131) + -14 + 0?
11
Calculate (2 + -1 - 35) + 239 + -251.
-46
Evaluate (-246 - -220) + (56 - (6 - 12)).
36
What is (20 - 17) + 6 + -3 + 18?
24
What is (-14 - -2) + (5 - 3) + 2 - 39?
-47
Calculate -20 + (15 - 23) + (7 - (1 + 0)).
-22
-38 - (-122 + 156 + -123)
51
What is (5 - 5 - (18 - -10 - -9)) + -2?
-39
Evaluate (4 - (1 + -2)) + (-59 - (57 - 106)) - 31.
-36
Evaluate -37 + -1 + -124 + 144 - (8 + 4).
-30
Evaluate -58 + 79 + -48 + 58.
31
What is 0 + 52 - (273 + -238)?
17
What is the value of -78 - (-385 + 371 + 2 + -21)?
-45
What is the value of 15 + -9 + -6 + (24 - 28)?
-4
What is (644 + -606 - (72 + -3)) + (3 - 4 - 3)?
-35
What is (5 - 9 - -11 - (1 + -2)) + (3 - 34)?
-23
Evaluate -160 - (-107 - (74 - 86)).
-65
What is -114 + 4 - (-141 + 119)?
-88
What is the value of (-42 - 31) + (126 - 160)?
-107
What is 24 + 3 + -10 + -19 + -55?
-57
-227 + 235 + (-3 - (5 - 1)) + 10 + -57
-46
What is the value of 57 + -2 + (51 + 29 - 33) + -28?
74
What is 105 + -117 + (54 - 46 - (6 + 0))?
-10
What is the value of -2 - -54 - (135 - 104)?
21
What is the value of 104 - (108 + -77 + 51)?
22
What is the value of (87 + 129 - 247) + (-1 - -67)?
35
(686 - 689) + 9 + 78
84
Evaluate (-6 - -34 - 9) + (34 - 134 - -22).
-59
Calculate 1 + 19 - (-1340 - -1261).
99
((2 - 5) + 125 - (13 + (15 - 17))) + -10
101
43 - (22 + ((8 - 9) + -23 - -10))
35
Evaluate -16 + 0 + -24 + 79 + -26 + 51.
64
What is (-88 - -24) + 95 + -51?
-20
What is the value of (48 - (-23 + 68)